 + v*a - 20 = 0, -2*n + 16 = 3*a. Is n a composite number?
True
Suppose -5131853 = -78*q + 48019914 - 1095893. Is q a prime number?
False
Let b(x) = 2*x**3 - 18*x**2 - 19*x - 5. Let c be b(10). Suppose c*j + 6*j = 170357. Is j prime?
False
Let g = -9272 + 27657. Suppose 3*b - 4*p = 13805, -4*b - p = -2*p - g. Is b a prime number?
False
Suppose 7*i = -1513 + 13119. Let b = 965 - i. Let v = 422 - b. Is v a composite number?
True
Let g(k) = -108*k - 67. Let u be g(23). Let f = -774 - u. Is f prime?
True
Suppose -194*n + 199*n = -b + 313559, 2*n = b + 125418. Is n prime?
False
Suppose 5*k = k - 4*n + 240, -3*k + n = -176. Let t(l) = 28*l + 198. Let o be t(-7). Suppose 295 = o*s + k. Is s prime?
False
Suppose 2*g - 38 = -10. Suppose 25977 = g*s - 72485. Is s a composite number?
True
Suppose 0 = -15*m - 9 - 6. Is (431614/(-402))/(((-1)/m)/(-3)) composite?
False
Suppose 3*l - 25 = 3*v + 2*l, 2*v + 4*l = -40. Is (-6778)/v*(-3 - -8) prime?
True
Is 16273 + (1 - (-4 + 12 - 7)) prime?
True
Suppose 0*k = -5*k + 25. Suppose x = 2*q - 0*x + 151, 355 = -k*q - 2*x. Let b = -14 - q. Is b a prime number?
True
Let g be 4/(-26) - (12 + (-197)/13). Suppose 7*x - 8*x + 16775 = -5*l, 50381 = g*x - l. Is x composite?
True
Let v(b) = 15*b**2 - 20*b + 5*b**2 + 21 + 0 + b**3 + 4*b. Let j be v(-21). Is (814/(-8))/(21/j) prime?
False
Suppose 16*h + 22*h = -2442132 + 10213474. Is h a prime number?
True
Let v = 409 - 472. Let r be (-2 - -1)/(1/(-22)). Let u = r - v. Is u prime?
False
Let b(h) = -368*h + 25. Let x(l) = -l + 17. Let i be x(8). Let r be b(i). Let o = 5898 + r. Is o a composite number?
True
Suppose -38*z = 9*z + 30*z - 2213827. Is z composite?
False
Let w(g) = -2831*g**3 - 44*g**2 - 232*g + 25. Is w(-7) composite?
True
Suppose -2*b = -3*w + 18, -2*b + 6*b - 44 = -4*w. Suppose 3055 = 3*y - h - 1270, 0 = 4*h + w. Is y a prime number?
False
Let n be 2*123/(-10) + 22/(-55). Let s be 730/n*-9*30. Suppose c = -z + 11347, 0 = -2*z - 5*c + 14798 + s. Is z composite?
False
Suppose 28 = 5*t + 4*y, 5*y = 4*t + 3*y - 12. Suppose 0 = -2*m + r + 19347, 7*m + t*r = 11*m - 38704. Is m a composite number?
True
Let g = -69 - -72. Suppose 3*n - 3*j = -45, 2*n = g*n + 2*j + 6. Is 1366/4 + n/24 composite?
True
Let k(h) = -h**3 - 3*h**2 - h + 5. Let z be k(-2). Suppose 4*i - 32808 = -w, 0*w - 24589 = -z*i - 5*w. Is i a prime number?
False
Let p(a) = -13*a**3 - 163*a**2 + 62*a - 59. Is p(-50) a prime number?
False
Is (12 - 6) + 153491 + -18 prime?
False
Let d(r) = r**3 - 3*r**2 + 3*r - 1. Let u be d(2). Let p(x) = -x + 1. Let j be p(u). Suppose 0 = -4*l + 12, 4*v + j*v = -5*l + 1051. Is v composite?
True
Suppose 11*b - 13*b - 3*c = -27295, 0 = -3*b - 2*c + 40945. Is b a prime number?
True
Let m = -29 - -56. Suppose i + 67834 = m*i. Is i composite?
False
Suppose -33*a = -34*a - 18. Let v(i) = -851*i + 233. Is v(a) a composite number?
False
Let z(w) = -w**2 - 6*w + 20. Let k be (70/25 + -4)*(-40)/(-6). Let o be z(k). Is ((-491)/5)/((8/o)/(-10)) a composite number?
False
Let y(d) = 89*d**2 + 3*d + 11. Suppose -4*a = 5*c + 12, -1 + 4 = 2*c - a. Suppose -5*s + 62 = 4*m, -m + c*m = -4*s + 37. Is y(s) a prime number?
True
Suppose 0 = m - 3225 - 813. Let h = m + -1705. Is h a prime number?
True
Suppose 5*z + 20 - 30 = 0. Suppose 4*m + 3 = l - z, -5*l = 2*m - 47. Suppose -280 - 1313 = -l*i. Is i prime?
False
Is -3439662*(-5)/420*14 prime?
True
Is -2*5*719330/(-100) composite?
False
Let l(i) = -1161*i + 4. Let q be l(-1). Suppose -6*h = -h + q. Let a = h + 1648. Is a a prime number?
False
Suppose -3*l + 834102 = 5*j, 2*l - 17*j + 21*j - 556070 = 0. Is l prime?
True
Let s(u) = u**2 + 343. Let a be s(0). Suppose -p + 415 = -a. Suppose -7*y - p = -5917. Is y a prime number?
False
Let a = 474 + -454. Suppose 0 = -a*q - 8*q + 144340. Is q composite?
True
Let p = 4 + -2. Suppose 0 = p*k - 3*k + 2582. Let c = k + -739. Is c a prime number?
False
Suppose 0 = -l + 4*h + 18253, -3*h + 7972 - 62767 = -3*l. Is l a composite number?
False
Let i be 26/91 - (-12)/(-21)*10441. Is -31 + 37 - (i - -1) a prime number?
False
Suppose f + 17988 + 10716 = 5*j, -3*j + 2*f = -17228. Let b = -3407 + j. Is b a prime number?
True
Let c(r) = 34 - 75*r - 5 - 109*r. Let p(l) = -l**3 - 17*l**2 + 14*l - 87. Let j be p(-18). Is c(j) a prime number?
True
Let f(o) = -1079*o**2 + 10*o + 5. Let p(z) = -539*z**2 + 5*z + 3. Let l(c) = 2*f(c) - 5*p(c). Is l(-3) a composite number?
True
Let c = 603 - 605. Is 23221 - (-4 + (2 - (-4 - c))) a composite number?
True
Let k(r) = r**3 + 8*r**2 + 3*r - 23. Let c be k(-7). Suppose -c*s + 10236 = 4*w - 7651, -3*s - 3*w + 10731 = 0. Is s prime?
False
Suppose h = 3*x + 2*x - 257861, 206260 = 4*x + 4*h. Is x a prime number?
False
Suppose -4*b = -4*r + 2364532 + 2335576, 0 = -r - 5*b + 1175039. Is r composite?
False
Let p(c) = 8*c - 20*c + 49 - 22*c + 2*c**2 - 2*c. Is p(30) a composite number?
False
Let a(j) = j**2 - 1. Let i(u) = -3*u**3 + 25*u**2 + 7*u - 20. Let q(g) = 3*a(g) - i(g). Is q(18) a composite number?
False
Let p = -119374 + 231279. Is p a prime number?
False
Let x(w) be the second derivative of -w**4/6 + 2*w**3/3 + 7*w**2/2 - 10*w. Let l be x(-2). Let o(f) = -4*f - 15. Is o(l) composite?
True
Let d = 176221 - 66060. Is d prime?
True
Let i be 90/180 + 61/2. Suppose 3*j + 5*y = 58551, 33*j - i*j + 2*y = 39034. Is j prime?
False
Let w(n) = -n**3 + n. Let y(o) = o**3 - 2*o**2 - o + 7. Let t(x) = 2*x**3 - 8*x**2 - x + 5. Let m be t(4). Let b(d) = m*y(d) + 2*w(d). Is b(-5) composite?
True
Let u(f) = -55 + 24*f + f**3 + 35 + 2. Is u(13) composite?
True
Is (((-476)/51)/(50/15))/(4/(-110570)) a composite number?
True
Suppose 88*y + 206314 = 174*y. Is y composite?
False
Suppose 8*g = 4*g. Suppose -1275 = 8*w - 4787. Suppose g*b = b - w. Is b a composite number?
False
Let k(w) = 1959*w**3 + 2*w - 1. Is k(4) a composite number?
False
Suppose 0 = 767*y - 766*y + 1, 0 = -h + 4*y + 5948213. Is h a composite number?
False
Suppose 14*s = 9*s + 15. Suppose -s*m + 5*i + 11550 = 0, -5*i = -3*m - m + 15395. Is m prime?
False
Let o(f) = -f**2 + 38*f + 78. Let y be o(41). Is (18/y)/(8/(-140780)) prime?
True
Suppose 4*c + 4*k - 416 = 0, -c + 3*k + 107 = k. Let p(n) = 3*n**3 - 7*n**2 + 6*n. Let d be p(7). Let t = d - c. Is t a composite number?
True
Suppose 2*d - 61120 = -4*s, -6*s + 10*s = -5*d + 61132. Is s prime?
False
Suppose -1 = 3*p + 2*m + 10, -12 = -4*p + 4*m. Is p/(((-18)/6)/4317) a composite number?
False
Let v(l) = 442*l**2 - 13*l - 12. Is v(5) a prime number?
True
Suppose -2*o - v + 44450 = 0, -4*o + 7*o = 3*v + 66657. Suppose 5*s - 1962 - o = 0. Is s prime?
False
Let s = -19515 - -48374. Is s prime?
True
Let c(g) = -101*g**3 + 4*g**2 + 129*g + 75. Is c(-11) composite?
False
Let k(b) = -b**2 + 7*b - 6. Suppose -3*n + 14 = -2*u, -4*n + 40 = n + 5*u. Let j be k(n). Suppose -i + 2*i - 71 = j. Is i prime?
True
Let m = -1663748 + 3943591. Is m a prime number?
True
Let j be (5160/65)/4 - 2/(-13). Suppose 3*m + 2*l = j, -5*l + 3 = -17. Suppose 6*n - 8770 = -m*n. Is n prime?
True
Let x = -194 - -199. Suppose x*j = h + 5484, -j - 2197 = -3*j - 3*h. Is j a prime number?
True
Suppose -5*v + 64229 = -4*y, -y + 51400 = 4*v - 0*y. Suppose -35298 = -3*o - v. Is o composite?
True
Let v be 31/((-3069)/(-18)) - (-87012)/(-11). Let x = 1383 - v. Is x a prime number?
True
Let i = 20 - 14. Suppose 0 = -z + i - 3. Suppose -m = 3*m + 4*x - 1048, -z*x = -3*m + 804. Is m composite?
True
Let m(o) = 6*o**2 + o + 2. Let t be m(-1). Suppose -t*h + 1060 = 3*h. Suppose -h = -5*n + 3*n. Is n a prime number?
True
Suppose 1544 = 19*p - 299. Let q be (14/(-6))/((-1)/3). Suppose -6*r + q*r = p. Is r prime?
True
Let o = -12 - -16. Suppose -r - 14801 = o*s - 60560, s - 2*r - 11451 = 0. Is s a prime number?
False
Suppose 0 = 4*m + 3*t - 73421, -138*t + 36698 = 2*m - 134*t. Is m prime?
False
Let w(m) = 2 + 26*m**3 - 27*m**3 + 1. Let r be w(0). Suppose -5*q + r = -12, 3*x - 5*q = 744. Is x a composite number?
True
Suppose -95 = 2*m - 5. Let k = 45 + m. Suppose 8*s - 5*s - 2679 = k. Is s a composite number?
True
Is (624/32)/13 + 412091/2 prime?
True
Let o = 215599 - 100556. Is o composite?
True
Let b = 251477 - 75108. Is b a composite number?
False
Let d(h) = -2*h + 7. Let u be d(2). Let j be ((-1)/2)/(u/(-2130)). Suppose 2*b = 3*y + 